{"id":198,"date":"2025-11-28T21:24:18","date_gmt":"2025-11-28T20:24:18","guid":{"rendered":"https:\/\/truckapates.fr\/?page_id=198"},"modified":"2026-01-04T17:16:00","modified_gmt":"2026-01-04T16:16:00","slug":"desserts","status":"publish","type":"page","link":"https:\/\/truckapates.fr\/?page_id=198","title":{"rendered":"Desserts"},"content":{"rendered":"\t\t<div data-elementor-type=\"wp-page\" data-elementor-id=\"198\" class=\"elementor elementor-198\">\n\t\t\t\t<div class=\"elementor-element elementor-element-450d2f1 e-flex e-con-boxed e-con e-parent\" data-id=\"450d2f1\" data-element_type=\"container\" data-settings=\"{&quot;background_background&quot;:&quot;classic&quot;}\">\n\t\t\t\t\t<div class=\"e-con-inner\">\n\t\t<div class=\"elementor-element elementor-element-6dd31ed e-con-full e-flex e-con e-child\" data-id=\"6dd31ed\" data-element_type=\"container\">\n\t\t<div class=\"elementor-element elementor-element-6d29908 e-con-full e-flex e-con e-child\" data-id=\"6d29908\" data-element_type=\"container\">\n\t\t\t\t<\/div>\n\t\t<div class=\"elementor-element elementor-element-38e6247 e-con-full e-flex e-con e-child\" data-id=\"38e6247\" data-element_type=\"container\">\n\t\t\t\t<div class=\"elementor-element elementor-element-e11e816 elementor-widget elementor-widget-heading\" data-id=\"e11e816\" data-element_type=\"widget\" data-widget_type=\"heading.default\">\n\t\t\t\t<div class=\"elementor-widget-container\">\n\t\t\t\t\t<h1 class=\"elementor-heading-title elementor-size-default\">Notre carte<\/h1>\t\t\t\t<\/div>\n\t\t\t\t<\/div>\n\t\t\t\t<div class=\"elementor-element elementor-element-09e19ba elementor-widget elementor-widget-text-editor\" data-id=\"09e19ba\" data-element_type=\"widget\" data-widget_type=\"text-editor.default\">\n\t\t\t\t<div class=\"elementor-widget-container\">\n\t\t\t\t\t\t\t\t\t<p>D\u00e9couvrez notre carte : des p\u00e2tes fra\u00eeches et sauces maison, des plats cuisin\u00e9s vari\u00e9s, des soupes et paninis pr\u00e9par\u00e9s avec des ingr\u00e9dients frais et de saison, sans oublier nos d\u00e9licieux desserts faits maison. Un plaisir gourmand \u00e0 chaque bouch\u00e9e !<\/p>\t\t\t\t\t\t\t\t<\/div>\n\t\t\t\t<\/div>\n\t\t\t\t<\/div>\n\t\t\t\t<\/div>\n\t\t\t\t\t<\/div>\n\t\t\t\t<\/div>\n\t\t<div class=\"elementor-element elementor-element-bc00aa7 e-flex e-con-boxed e-con e-parent\" data-id=\"bc00aa7\" data-element_type=\"container\">\n\t\t\t\t\t<div class=\"e-con-inner\">\n\t\t\t\t<div class=\"elementor-element elementor-element-dc5a9d8 elementor-widget elementor-widget-ekit-nav-menu\" data-id=\"dc5a9d8\" data-element_type=\"widget\" data-widget_type=\"ekit-nav-menu.default\">\n\t\t\t\t<div class=\"elementor-widget-container\">\n\t\t\t\t\t\t\t<nav class=\"ekit-wid-con ekit_menu_responsive_mobile\" \n\t\t\tdata-hamburger-icon=\"\" \n\t\t\tdata-hamburger-icon-type=\"icon\" \n\t\t\tdata-responsive-breakpoint=\"767\">\n\t\t\t            <button class=\"elementskit-menu-hamburger elementskit-menu-toggler\"  type=\"button\" aria-label=\"hamburger-icon\">\n                                    <span class=\"elementskit-menu-hamburger-icon\"><\/span><span class=\"elementskit-menu-hamburger-icon\"><\/span><span class=\"elementskit-menu-hamburger-icon\"><\/span>\n                            <\/button>\n            <div id=\"ekit-megamenu-notre-carte\" class=\"elementskit-menu-container elementskit-menu-offcanvas-elements elementskit-navbar-nav-default ekit-nav-menu-one-page-yes ekit-nav-dropdown-hover\"><ul id=\"menu-notre-carte\" class=\"elementskit-navbar-nav elementskit-menu-po-center submenu-click-on-icon\"><li id=\"menu-item-154\" class=\"menu-item menu-item-type-post_type menu-item-object-page menu-item-154 nav-item elementskit-mobile-builder-content\" data-vertical-menu=750px><a href=\"https:\/\/truckapates.fr\/?page_id=12\" class=\"ekit-menu-nav-link\">Nos p\u00e2tes fra\u00eeches<\/a><\/li>\n<li id=\"menu-item-155\" class=\"menu-item menu-item-type-post_type menu-item-object-page menu-item-155 nav-item elementskit-mobile-builder-content\" data-vertical-menu=750px><a href=\"https:\/\/truckapates.fr\/?page_id=152\" class=\"ekit-menu-nav-link\">Street Food<\/a><\/li>\n<li id=\"menu-item-208\" class=\"menu-item menu-item-type-post_type menu-item-object-page menu-item-208 nav-item elementskit-mobile-builder-content\" data-vertical-menu=750px><a href=\"https:\/\/truckapates.fr\/?page_id=198\" class=\"ekit-menu-nav-link\">Desserts<\/a><\/li>\n<li id=\"menu-item-197\" class=\"menu-item menu-item-type-post_type menu-item-object-page menu-item-197 nav-item elementskit-mobile-builder-content\" data-vertical-menu=750px><a href=\"https:\/\/truckapates.fr\/?page_id=192\" class=\"ekit-menu-nav-link\">Boissons<\/a><\/li>\n<\/ul><div class=\"elementskit-nav-identity-panel\"><button class=\"elementskit-menu-close elementskit-menu-toggler\" type=\"button\">X<\/button><\/div><\/div>\t\t\t\n\t\t\t<div class=\"elementskit-menu-overlay elementskit-menu-offcanvas-elements elementskit-menu-toggler ekit-nav-menu--overlay\"><\/div>        <\/nav>\n\t\t\t\t\t\t<\/div>\n\t\t\t\t<\/div>\n\t\t\t\t\t<\/div>\n\t\t\t\t<\/div>\n\t\t<div class=\"elementor-element elementor-element-c0c84b8 e-flex e-con-boxed e-con e-parent\" data-id=\"c0c84b8\" data-element_type=\"container\">\n\t\t\t\t\t<div class=\"e-con-inner\">\n\t\t<div class=\"elementor-element elementor-element-af5967d e-con-full e-flex e-con e-child\" data-id=\"af5967d\" data-element_type=\"container\" data-settings=\"{&quot;background_background&quot;:&quot;classic&quot;}\">\n\t\t\t\t<\/div>\n\t\t<div class=\"elementor-element elementor-element-52415e7 e-con-full e-flex e-con e-child\" data-id=\"52415e7\" data-element_type=\"container\" data-settings=\"{&quot;background_background&quot;:&quot;classic&quot;}\">\n\t\t\t\t<div class=\"elementor-element elementor-element-d45160a elementor-widget elementor-widget-heading\" data-id=\"d45160a\" data-element_type=\"widget\" data-widget_type=\"heading.default\">\n\t\t\t\t<div class=\"elementor-widget-container\">\n\t\t\t\t\t<h4 class=\"elementor-heading-title elementor-size-default\">PANNA COTTA<\/h4>\t\t\t\t<\/div>\n\t\t\t\t<\/div>\n\t\t\t\t<div class=\"elementor-element elementor-element-581064f elementor-widget elementor-widget-text-editor\" data-id=\"581064f\" data-element_type=\"widget\" data-widget_type=\"text-editor.default\">\n\t\t\t\t<div class=\"elementor-widget-container\">\n\t\t\t\t\t\t\t\t\t<section class=\"recette_section\"><div class=\"recette_section-text\"><p>Lait, cr\u00e8me fra\u00eeche, g\u00e9latine, sucre, coulis de fruit<\/p><\/div><\/section>\t\t\t\t\t\t\t\t<\/div>\n\t\t\t\t<\/div>\n\t\t\t\t<\/div>\n\t\t\t\t\t<\/div>\n\t\t\t\t<\/div>\n\t\t<div class=\"elementor-element elementor-element-32a09b1 e-flex e-con-boxed e-con e-parent\" data-id=\"32a09b1\" data-element_type=\"container\">\n\t\t\t\t\t<div class=\"e-con-inner\">\n\t\t<div class=\"elementor-element elementor-element-5f09285 e-con-full e-flex e-con e-child\" data-id=\"5f09285\" data-element_type=\"container\" data-settings=\"{&quot;background_background&quot;:&quot;classic&quot;}\">\n\t\t\t\t<\/div>\n\t\t<div class=\"elementor-element elementor-element-860d27d e-con-full e-flex e-con e-child\" data-id=\"860d27d\" data-element_type=\"container\" data-settings=\"{&quot;background_background&quot;:&quot;classic&quot;}\">\n\t\t\t\t<div class=\"elementor-element elementor-element-f81b4e4 elementor-widget elementor-widget-heading\" data-id=\"f81b4e4\" data-element_type=\"widget\" data-widget_type=\"heading.default\">\n\t\t\t\t<div class=\"elementor-widget-container\">\n\t\t\t\t\t<h4 class=\"elementor-heading-title elementor-size-default\">MOUSSE AU CHOCOLAT\n<\/h4>\t\t\t\t<\/div>\n\t\t\t\t<\/div>\n\t\t\t\t<div class=\"elementor-element elementor-element-5d19d84 elementor-widget elementor-widget-text-editor\" data-id=\"5d19d84\" data-element_type=\"widget\" data-widget_type=\"text-editor.default\">\n\t\t\t\t<div class=\"elementor-widget-container\">\n\t\t\t\t\t\t\t\t\t<section class=\"recette_section\"><div class=\"recette_section-text\"><p>Chocolat noir, oeufs, sucre, p\u00e9pites de chocolat<\/p><\/div><\/section>\t\t\t\t\t\t\t\t<\/div>\n\t\t\t\t<\/div>\n\t\t\t\t<\/div>\n\t\t\t\t\t<\/div>\n\t\t\t\t<\/div>\n\t\t<div class=\"elementor-element elementor-element-d6ed736 e-flex e-con-boxed e-con e-parent\" data-id=\"d6ed736\" data-element_type=\"container\">\n\t\t\t\t\t<div class=\"e-con-inner\">\n\t\t<div class=\"elementor-element elementor-element-34b7a2b e-con-full e-flex e-con e-child\" data-id=\"34b7a2b\" data-element_type=\"container\" data-settings=\"{&quot;background_background&quot;:&quot;classic&quot;}\">\n\t\t\t\t<\/div>\n\t\t<div class=\"elementor-element elementor-element-f03c882 e-con-full e-flex e-con e-child\" data-id=\"f03c882\" data-element_type=\"container\" data-settings=\"{&quot;background_background&quot;:&quot;classic&quot;}\">\n\t\t\t\t<div class=\"elementor-element elementor-element-ad0376d elementor-widget elementor-widget-heading\" data-id=\"ad0376d\" data-element_type=\"widget\" data-widget_type=\"heading.default\">\n\t\t\t\t<div class=\"elementor-widget-container\">\n\t\t\t\t\t<h4 class=\"elementor-heading-title elementor-size-default\">Mousse au citron<\/h4>\t\t\t\t<\/div>\n\t\t\t\t<\/div>\n\t\t\t\t<div class=\"elementor-element elementor-element-0d93b8a elementor-widget elementor-widget-text-editor\" data-id=\"0d93b8a\" data-element_type=\"widget\" data-widget_type=\"text-editor.default\">\n\t\t\t\t<div class=\"elementor-widget-container\">\n\t\t\t\t\t\t\t\t\t<section class=\"recette_section\"><div class=\"recette_section-text\"><p>Citron, oeufs, sucre, palet breton, mascarpone<\/p><\/div><\/section>\t\t\t\t\t\t\t\t<\/div>\n\t\t\t\t<\/div>\n\t\t\t\t<\/div>\n\t\t\t\t\t<\/div>\n\t\t\t\t<\/div>\n\t\t\t\t<\/div>\n\t\t","protected":false},"excerpt":{"rendered":"<p>Notre carte D\u00e9couvrez notre carte : des p\u00e2tes fra\u00eeches et sauces maison, des plats cuisin\u00e9s vari\u00e9s, des soupes et paninis pr\u00e9par\u00e9s avec des ingr\u00e9dients frais et de saison, sans oublier nos d\u00e9licieux desserts faits maison. Un plaisir gourmand \u00e0 chaque bouch\u00e9e ! Nos p\u00e2tes fra\u00eeches Street Food Desserts Boissons X PANNA COTTA Lait, cr\u00e8me fra\u00eeche, &#8230; <a title=\"Desserts\" class=\"read-more\" href=\"https:\/\/truckapates.fr\/?page_id=198\" aria-label=\"En savoir plus sur Desserts\">Lire la suite<\/a><\/p>\n","protected":false},"author":1,"featured_media":0,"parent":0,"menu_order":0,"comment_status":"closed","ping_status":"closed","template":"elementor_header_footer","meta":{"footnotes":""},"class_list":["post-198","page","type-page","status-publish"],"_links":{"self":[{"href":"https:\/\/truckapates.fr\/index.php?rest_route=\/wp\/v2\/pages\/198","targetHints":{"allow":["GET"]}}],"collection":[{"href":"https:\/\/truckapates.fr\/index.php?rest_route=\/wp\/v2\/pages"}],"about":[{"href":"https:\/\/truckapates.fr\/index.php?rest_route=\/wp\/v2\/types\/page"}],"author":[{"embeddable":true,"href":"https:\/\/truckapates.fr\/index.php?rest_route=\/wp\/v2\/users\/1"}],"replies":[{"embeddable":true,"href":"https:\/\/truckapates.fr\/index.php?rest_route=%2Fwp%2Fv2%2Fcomments&post=198"}],"version-history":[{"count":10,"href":"https:\/\/truckapates.fr\/index.php?rest_route=\/wp\/v2\/pages\/198\/revisions"}],"predecessor-version":[{"id":349,"href":"https:\/\/truckapates.fr\/index.php?rest_route=\/wp\/v2\/pages\/198\/revisions\/349"}],"wp:attachment":[{"href":"https:\/\/truckapates.fr\/index.php?rest_route=%2Fwp%2Fv2%2Fmedia&parent=198"}],"curies":[{"name":"wp","href":"https:\/\/api.w.org\/{rel}","templated":true}]}}